 common factor of 76790 and 1509970?
70
Calculate the highest common divisor of 44688 and 3414.
6
Calculate the greatest common divisor of 10662808 and 125528.
1768
Calculate the greatest common factor of 2602587024 and 432.
432
What is the greatest common factor of 247456 and 39639776?
6688
Calculate the greatest common factor of 713 and 3678275.
23
What is the highest common factor of 134124 and 197412?
12
What is the highest common divisor of 12010 and 11450?
10
What is the highest common factor of 55597 and 3511003?
1049
Calculate the highest common divisor of 561 and 43344730.
187
Calculate the highest common factor of 186063 and 31156164.
1707
Calculate the highest common divisor of 6633 and 32266597.
737
What is the greatest common divisor of 56754620 and 156?
52
What is the highest common factor of 582120 and 57624?
1176
Calculate the greatest common divisor of 23541040 and 730.
730
Calculate the highest common factor of 13179 and 417717.
573
Calculate the highest common factor of 141233535 and 45.
45
What is the greatest common factor of 28 and 200443068?
28
What is the greatest common divisor of 1288 and 341576956?
644
What is the highest common factor of 40181253 and 4830?
483
Calculate the highest common divisor of 130886394 and 18.
6
Calculate the highest common factor of 120 and 1438440.
120
Calculate the greatest common divisor of 36066 and 23286.
6
Calculate the highest common divisor of 34480 and 1058000.
80
What is the highest common factor of 785783 and 1824?
19
What is the highest common factor of 364754203 and 22?
11
Calculate the highest common factor of 305555 and 75785.
115
Calculate the highest common factor of 15055632 and 2592.
1296
Calculate the greatest common factor of 983776 and 8662.
142
What is the highest common divisor of 115496626 and 42?
14
What is the highest common divisor of 3896 and 934?
2
Calculate the greatest common factor of 10759 and 14513149.
371
Calculate the greatest common factor of 69408 and 21893886.
4338
Calculate the greatest common factor of 43 and 44237411.
43
Calculate the highest common divisor of 242181 and 4383135.
3411
What is the highest common factor of 3981942 and 54?
18
Calculate the greatest common divisor of 20553 and 529767277.
6851
What is the greatest common divisor of 23600259 and 49617?
1341
What is the greatest common divisor of 5058 and 594299826?
5058
Calculate the highest common divisor of 7811881 and 67368.
2807
What is the highest common factor of 3379 and 2675187?
109
What is the highest common divisor of 15920 and 36670128?
3184
Calculate the greatest common divisor of 472 and 2230318.
118
Calculate the highest common factor of 69370 and 358742.
1982
What is the greatest common divisor of 1474852 and 349197?
697
What is the highest common divisor of 40414308 and 44?
44
What is the greatest common factor of 92274 and 209586?
78
Calculate the highest common factor of 48 and 436413828.
12
Calculate the greatest common factor of 13706 and 125794647.
979
Calculate the greatest common divisor of 1127878 and 851637.
1273
What is the greatest common factor of 396 and 27814248?
396
Calculate the greatest common divisor of 2140789 and 120351.
3647
Calculate the highest common divisor of 234480 and 69392.
16
Calculate the greatest common factor of 56164680 and 340.
20
Calculate the greatest common divisor of 3398 and 36898882.
3398
What is the greatest common divisor of 2124272 and 16757?
1289
What is the highest common divisor of 4040 and 3048988?
404
What is the greatest common divisor of 53371155 and 10005?
345
What is the highest common factor of 26789 and 85699?
43
What is the greatest common divisor of 7008 and 54624?
96
Calculate the highest common factor of 497535 and 730005.
615
What is the greatest common divisor of 443046 and 1558?
82
Calculate the greatest common factor of 207 and 110454786.
207
What is the greatest common divisor of 222691135 and 31?
31
Calculate the greatest common factor of 2535 and 41115750.
195
What is the highest common divisor of 70529140 and 1672?
836
Calculate the highest common divisor of 7985259 and 11718.
279
Calculate the highest common factor of 66 and 6650766.
6
What is the highest common factor of 4 and 1638008?
4
What is the greatest common divisor of 1608 and 1990168?
536
Calculate the greatest common divisor of 7285 and 1959355.
155
Calculate the highest common factor of 1219 and 6307.
53
What is the greatest common divisor of 5310 and 50781654?
1062
Calculate the highest common factor of 272 and 4124200.
136
Calculate the highest common divisor of 149525353 and 34.
17
What is the highest common divisor of 292 and 1233847606?
146
Calculate the greatest common divisor of 159535864 and 4.
4
What is the greatest common factor of 278883 and 2793285?
891
Calculate the highest common divisor of 47821 and 98058367.
2813
What is the highest common factor of 16972342 and 10?
2
Calculate the highest common factor of 102 and 410890.
34
Calculate the greatest common factor of 55578571 and 959.
137
Calculate the highest common factor of 250154560 and 40.
40
What is the greatest common divisor of 175 and 30373675?
25
What is the highest common factor of 147 and 427189?
7
What is the highest common divisor of 54 and 20630646?
54
What is the highest common factor of 25541432 and 133224?
3416
What is the greatest common factor of 77400 and 5524560?
360
What is the greatest common factor of 9488 and 524095772?
2372
Calculate the highest common factor of 5742136 and 18528.
1544
What is the highest common divisor of 9 and 7589709?
9
What is the greatest common divisor of 7863735 and 23265?
165
What is the greatest common factor of 51641768 and 32?
8
Calculate the highest common factor of 1452736 and 8752.
16
What is the greatest common divisor of 244325 and 839550?
725
What is the greatest common divisor of 81436 and 52448?
4
What is the greatest common factor of 75 and 40039135?
5
What is the greatest common factor of 712 and 576093974?
178
Calculate the greatest common divisor of 19547584 and 3248.
112
What is the highest common factor of 395384 and 68464?
88
What is the greatest common divisor of 15334 and 552150854?
1394
Calculate the highest common divisor of 1248 and 193071264.
96
Calculate the greatest common divisor of 756 and 103702788.
756
Calculate the highest common factor of 34323 and 1191972.
51
What is the greatest common factor of 77198 and 5642109?
1331
Calculate the greatest common divisor of 198768 and 94956.
492
What is the highest common factor of 206583 and 2521372?
5297
Calculate the highest common divisor of 28675 and 126932755.
5735
Calculate the highest common factor of 39452 and 41848709.
9863
What is the highest common divisor of 253 and 467749183?
253
What is the greatest common divisor of 678 and 61176392?
226
What is the highest common factor of 67 and 128460507?
67
Calculate the highest common factor of 251105905 and 5.
5
Calculate the greatest common divisor of 5079788 and 196.
28
What is the highest common factor of 4504694 and 102?
34
Calculate the highest common divisor of 65262473 and 442.
17
What is the greatest common divisor of 1148472 and 374644?
1636
What is the highest common factor of 112726045 and 1885?
145
What is the greatest common divisor of 11454 and 1618998?
498
Calculate the highest common factor of 18 and 60809418.
18
What is the greatest common divisor of 6710 and 6473320?
610
What is the greatest common factor of 231 and 160849857?
21
What is the highest common factor of 23136 and 1000?
8
What is the greatest common divisor of 2214 and 5344842?
246
Calculate the greatest common divisor of 1069432 and 3.
1
What is the highest common factor of 91123118 and 4763?
433
What is the highest common factor of 2168 and 2559512616?
2168
What is the greatest common factor of 83150 and 300?
50
What is the highest common divisor of 861946403 and 41?
41
Calculate the greatest common factor of 3240 and 1698576.
24
Calculate the greatest common divisor of 34632 and 76674.
78
What is the greatest common factor of 66 and 236244?
6
What is the greatest common divisor of 2217 and 8004848?
739
What is the highest common divisor of 112461 and 3287?
19
Calculate the greatest common factor of 3108 and 305289294.
2